+ -39
5
Calculate -4 + (4 - (2 + 1)).
-3
What is the value of -29 + 28 + (0 - 4) - -10?
5
Evaluate 0 - -6 - (-5 + 9).
2
What is the value of (-3 - (1 + -8)) + (-1 - -2)?
5
(4 - (1 + 2)) + (1 - -2)
4
-12 - (-21 + 12) - (-9 - 0)
6
3 + -5 + 2 - (-8 + 9)
-1
(-9 + 2 - -14) + -2
5
Calculate 1 + -5 - -2 - (0 - -1).
-3
Evaluate -13 - -6 - (-4 - -2).
-5
Calculate (0 - -4) + -12 - (-1 - 5).
-2
What is the value of (-5 - 8) + (-1 - -3) - -3?
-8
Evaluate (-7 - -5) + (10 - 7).
1
6 + -7 + -3 + -3
-7
What is the value of 2 + 5 + -4 - (-1 - -2)?
2
Calculate -9 - 0 - (-11 - 0).
2
What is the value of -5 - -3 - (1 - 0)?
-3
Evaluate 1 + (-4 - -3) - -5.
5
Evaluate -9 + 3 + -2 - (-8 - -4).
-4
What is 4 + -1 - 7 - (-2 + 2)?
-4
1 + -1 + 3 + -2
1
-11 + 8 + (-2 - -5)
0
14 + (3 - 0 - (25 - 17))
9
What is the value of -8 + -4 + 6 + 5?
-1
(-9 - (-2 - 5)) + 1 + -3
-4
Evaluate 18 + -18 - (1 + 4).
-5
What is (-2 + 11 + -10 - 2) + 8?
5
What is the value of -4 + (-1 + 3 - 3)?
-5
(3 + -4 - 2) + -1
-4
What is -1 - (-1 + -2 - (-6 - -6))?
2
(-10 - -1) + (0 - -5)
-4
Calculate 0 + -5 + 4 + 5 + -1.
3
(-1 - (5 + 1)) + 235 + -228
0
0 + -2 + -1 - (-11 + 3)
5
-17 - (-3 + (-7 - -4))
-11
What is 4 + 0 + -12 - (2 - 8)?
-2
What is 8 + (8 - 13) - (-1 - -3)?
1
Evaluate (-1 - (-6 + 4) - 3) + 9.
7
What is the value of -1 + -4 + 0 + 3 - -9?
7
What is the value of -2 + (2 - 14) - -5?
-9
What is 5 - 6 - (-2 - -5 - 2)?
-2
What is the value of 0 - -2 - (5 + -2) - 2?
-3
Calculate 2 - (2 + 7 + -5).
-2
What is -6 - (3 - (5 - -3) - -2)?
-3
Calculate (6 - (8 + 4)) + 2.
-4
Calculate 5 + -1 + -7 + (2 - -1).
0
What is the value of 4 - (1 + 2) - (3 - -2)?
-4
(-8 + 6 - 0) + 9
7
Evaluate (4 - 5) + 21 - 11.
9
What is the value of (-2 - -12) + 3 - (10 + -4)?
7
Evaluate (2 + -3 - (4 + -3)) + -4.
-6
What is 2 + (-6 - -14 - 8)?
2
Evaluate 12 + 1 + -11 + 18 + -12.
8
What is the value of -4 + 4 + -2 - 1?
-3
What is -1 + (-1 - (-4 - 2)) + 0?
4
5 - (-1 + -1 + 0 + 5)
2
Evaluate 8 - ((2 - (2 + -1)) + 4).
3
What is -2 + -9 + (12 - 6)?
-5
Evaluate (3 - -11) + -12 + 4.
6
Evaluate 1 + 2 + -2 + 1 - 3.
-1
What is the value of 5 - ((1 - 4) + 2)?
6
What is -3 - -1 - 2 - -7 - 2?
1
What is (8 - 10) + 2 + 6 - 15?
-9
Evaluate -12 + 9 - (-1 + -2) - 1.
-1
What is (2 - 3) + 9 - (-6 - -6)?
8
What is the value of 6 - (6 + (15 - 10))?
-5
Calculate (11 - 11) + (-1 - -3).
2
Evaluate -24 + 26 + (-3 - -1).
0
Calculate 12 - (-11 - -28 - 9).
4
What is the value of 13 + -16 + -10 + (6 - -1)?
-6
Calculate 5 - (0 - -1 - -2) - 0.
2
Calculate 1 + (1 - 0) - -3.
5
Evaluate 2 + (2 - 4) - (-1 + 4).
-3
What is the value of (14 - 2) + (-25 - -24) - 7?
4
What is -7 + 7 - (-2 + (-2 - -1))?
3
5 + (-10 + 3 - -8) + -7
-1
What is (71 - 65) + (0 - 5)?
1
5 + 1 + -7 - (-1 + 4)
-4
-5 - (-1 + -2 - 4)
2
Evaluate 3 - -5 - (7 + -3).
4
What is 1 + 1 + (-11 - -1) + 7?
-1
What is the value of (4 - 4 - 5 - -2) + -1?
-4
What is (7 - (8 + -2)) + -7?
-6
Evaluate -13 + 16 + -7 - -10.
6
Evaluate (-1 - 1) + -1 + 3 + 0.
0
10 - (-15 + 6 + 25)
-6
Calculate 5 + -11 + (2 - 2) - 0.
-6
What is 11 + -6 + 0 + -1?
4
What is the value of 23 - 26 - (1 - -2)?
-6
Calculate 0 - 0 - (-3 - (-2 - -1)).
2
-7 - (-2 + 0 + -2)
-3
1 + (4 - 3 - (-2 + -1))
5
Evaluate -1 - (5 + -10 + 2).
2
Calculate 8 + -6 - (-2 + -1).
5
10 - (-1 + (4 - 6) + 6)
7
What is -3 + (1 + -4 - 1) - -3?
-4
Evaluate 6 + -6 - -1 - 3.
-2
-17 + 16 - (-4 + 0 + 2)
1
Calculate 0 + 7 + (-38 - -42) + -2.
9
Calculate 12 + -3 + -29 + 21.
1
What is 2 - (2 + 1) - -3?
2
Evaluate 6 - (-2 - (-2 - 1 - 0)).
5
(3 - 5) + 4 + 1
3
2 - ((0 - (3 - 6)) + -5)
4
Calculate 4 + -4 + 1 + -1.
0
What is the value of -2 - (3 - 7 - (-10 - -2))?
-6
Calculate -16 + 4 + (-1 + 0 - -4).
-9
Evaluate -1 + -1 - (-10 + 10).
-2
What is (6 - -7) + (-24 - -17)?
6
Calculate -45 + 43 - (6 - 3).
-5
Evaluate 4 - (6 + -5 + 0 - -1).
2
What is the value of 0 - (0 + (-6 - (0 - 1)))?
5
What is the value of 11 - 6 - (-12 + 16)?
1
What is -7 + 0 + (-70 - -74)?
-3
Evaluate 7 + (4 - 3 - 3).
5
What is the value of (5 + -15 - -5) + (2 - -6)?
3
What is 0 + -3 - (4 + -3)?
-4
Calculate 1 + 2 + -1 + 1.
3
What is the value of 8 + 3 - 23 - (2 + -10)?
-4
What is -7 + 4 - -1 - -4?
2
Calculate -8 - (-10 + -5 - -2).
5
Calculate 5 + (-14 - -4 - -3).
-2
Calculate (5 - (10 - 2)) + (2 - 3).
-4
What is the value of 5 + 7 + 2 + -18?
-4
What is the value of (-15 - -4) + 14 + 1 + -7?
-3
-2 + (3 - -1) + (-22 - -14)
-6
Evaluate 4 + -3 - (-7 - -8).
0
Calculate -2 + -1 + 7 + -4 + -4.
-4
Calculate 4 + (-2 + (2 - 5) - -3).
2
Calculate (10 - 7 - 7 - 5) + 1.
-8
-1 - (-17 + 14 + (-1 - -1))
2
What is 0 + -2 - (-1 + -4)?
3
What is the value of 6 - 1 - (3 - 1)?
3
Calculate (2 - 0) + (-2 - 1).
-1
Calculate -6 - (-10 + 0) - 6.
-2
Calculate -1 + (1 - (2 + -1) - -4).
3
6 + -13 + (10 - 4)
-1
What is the value of (-18 + 6 - -1) + 6?
-5
What is 1 - 10 - (6 - 9)?
-6
Evaluate -8 - ((-8 - -4) + 1).
-5
What is the value of (-4 - 3) + -1 + 7?
-1
-1 + 0 - (-1 + 6 - 2)
-4
What is -10 - -15 - (11 + -12)?
6
Evaluate -4 + (-1 - -1 - 0).
-4
What is the value of 0 + (1 - (-5 - -2) - 2)?
2
1 + -3 + 4 + 0 - 7
-5
What is the value of (-3 - (11 - 7)) + 2?
-5
Calculate 2 - (-1 + (-11 - -6) - -11).
-3
(-1 - 2) + 72 + -69
0
What is (2 - 4) + (15 - 0 - 19)?
-6
What is the value of (5 - 5) + (-6 - -6)?
0
Evaluate (-2 - (0 + -5 + 3)) + -4.
-4
What is the value of 5 - 7 - -13 - 16?
-5
What is 11 + (4 - 8) + (32 - 42)?
-3
Evaluate (1 - -1) + 0 + -1 - 5.
-4
What is 19 + -16 + (1 - -1 - 9)?
-4
Calculate -6 + -5 + (9 - (-1 + 3)).
-4
What is the value of -4 + (4 + (2 - 1) - 2)?
-1
What is the value of -2 - (-5 - (-4 - 3))?
-4
-10 + (21 - (16 - 6))
1
Evaluate (4 - 0 - 0) + (-6 - -5).
3
What is -2 + (1 - -18 - 8)?
9
What is 1 - (-1 - (-1 + 4 + 0))?
5
Evaluate -1 + (-1 - (-2 + 1 - 0)).
-1
What is the value of -1 - 4 - (11 + 7 - 16)?
-7
What is the value of (-7 - -3) + (-17 - -11) - -3?
-7
Evaluate 0 - -1 - (-3 + 9).
-5
Evaluate 15 + -12 + 17 + -10.
10
Calculate 0 + ((-4 - -3) + 2 - -3).
4
What is 4 - ((6 - 0) + (12 - 13))?
-1
Evaluate -1 + (-4 - (-2 - (7 + -4))).
0
(-3 - -5) + -8 + (8 - 7)
-5
What is (2 - -1) + (8 - 6)?
5
7 + -8 + -4 + (1 - -1)
-3
Evaluate -2 - (-13 - -23) - -10.
-2
2 - 1 - (-26 + 32)
-5
Calculate (-3 - 4) + 5 - -6.
4
Calculate 3 + (-1 - 1) - 2.
-1
What is 1 - (3 + (-1 - 0 - 0))?
-1
What is the value of 2 - 1 - (-5 + 7)?
-1
-9 + 5 - (-6 + 0 + 2)
0
What is the value of 0 + -3 + (1 - 1 - -7)?
4
Evaluate -3 + -2 + 11 + -11.
-5
Calculate 1 + -5 + (-4 - 0) + 3.
-5
What is -13 - (-1 - 11) - 3?
-4
What is -5 + 11 - ((1 - 1) + 4)?
2
Calculate 4 + (-3 - -2) - (11 + -3).
-5
Calculate 0 + (2 - 6 - -1).
-3
What is -6 + -1 + -10 + 11?
-6
What is the value of -1 + 5 - (0 - 2 - -6)?
0
What is 5 + 3 + -9 + 2?
1
13 + -2 + -23 + (-1 - -7)
-6
6 + -2 + 0 - 2
2
What is the value of 0 - 10 - -11 - (-2 + 0)?
3
Evaluate 0 - (-9 + -2 + 11).
0
Calculate 0 + -4 + 4 - (0 - 1).
1
Evaluate 3 + 1 + 2 + -2.
4
What is the value of 3 + -1 + (2 - 3)?
1
Evaluate 7 - (6 - 4 - 1).
6
What is -4 - (-2 - -2 - 3)?
-1
What is the value of -2 + (-1 - -6) + -1 + -1?
1
Calculate (-4 - -2) + 9 + (-23 - -20).
4
What is the value of -2 - (-4 + -2) - (-15 + 16)?
3
What is -15 + (8 - -3 - 0)?
-4
Evaluate 2 + 2 + -2 - (5 - 3).
0
What is the value of 1 + 4 - (36 + -26)?
-5
-4 + (-4 - (6 - 19))
5
What is (-1 - 2 - (-2 + -3)) + 3?
5
(33 - 28) + (-7 - -1)
-1
What is the value of 6 + -19 + 15 + (3 - 9)?
-4
Evaluate -4 + (36 + -31 - (0 + -2)).
3
What is the value of -15 + (-10 - -20) - (0 + -6)?
1
What is (-11 + -3 - -14) + 10?
10
Evaluate 0 + -3 + (-2 - (-7 - 2)).
4
What is -4 - (3 + 3 + -5 + -5)?
0
What is 17 + 11 + (-15 - 5)?
8
1 - (-3 + -1 - (25 - 35))
-5
Evaluate 10 + -11 + 1 + (-4 - -2).
-2
What is the value of -3 + 1 + 2 + 2 + 3?
5
10 - (5 - (1 + 2))
8
What is the value of (0 - (3 + 1) - -7) + -1?
2
What is -2 - (3 + -1) - -4 - 1?
-1
Calculate (-2 - 3) + (7 - 1).
1
0 + 0 + -2 + (4 - 8)
-6
Evaluate 5 + (8 - -1 - (12 + -8)).
10
Calculate -2 - ((6 - 5) + -4).
1
(-3 - -1) + (12 - 18 - -5)
-3
Evaluate -4 + 15 - (-5 - -8).
8
1 + (5 - -3) - 15
-6
What is the value of (7 - (7 + -2)) + 1?
3
Evaluate (-5 - 2) + 17 + -9.
1
Calculate 3 - -13 - 3 - (0 - -5).
8
Calculate -3 - (7 + -4) - -4.
-2
What is 1 + -6 + (13 - 4) + -5?
-1
Evaluate 0 + 9 + -9 - -4.
4
(13 - (14 + -6)) + -2
3
Calculate -3 + 1 + 